actors of (j/5)/(2/(-15)).
3, 5
Let d(u) = 2*u - 3. Let f be d(4). Let m be (-5)/(-10) + 4/(-8). Suppose m = -2*j + f*j - 12. List the prime factors of j.
2
Let h(t) = 2*t - 1. Let l(f) = f**2 - f - 5. Let m be l(4). What are the prime factors of h(m)?
13
Suppose 2*g - 33 = -g. Suppose k = 2*t - 24, -5*k + 9 = -g. What are the prime factors of t?
2, 7
Suppose a - 8 - 8 = 0. List the prime factors of a.
2
Let b(u) = 2*u**2 - 6*u - 3. Let l be b(4). Let z = -4 - -7. Let g = l - z. What are the prime factors of g?
2
Let v(a) = a + 12. Let o be v(-5). Suppose -12 = -p + o. List the prime factors of p.
19
Let a(m) = 46*m**3 - 2*m**2 + 2*m - 1. What are the prime factors of a(1)?
3, 5
Suppose -14*b = -9*b - 1450. What are the prime factors of b?
2, 5, 29
Suppose 2*r + 294 = 2*s, 2*r - 576 = -4*s - 0*r. What are the prime factors of s?
5, 29
Let s be (0 - (3 - 5)) + 2. Suppose 0 = 5*o - 15, 4*m - 65 = -s*o + 11. What are the prime factors of m?
2
Let o = 263 + -91. List the prime factors of o.
2, 43
Let t(d) be the third derivative of d**5/60 - d**4/8 - 2*d**3/3 + 2*d**2. Let z be t(4). Let y = 8 + z. What are the prime factors of y?
2
Let b(v) = v + 11. List the prime factors of b(-5).
2, 3
Let h(s) = 8*s**2 + 0 - s + 4*s**2 + 2*s + 1. What are the prime factors of h(-2)?
47
Let o(v) = -9 - v**3 + 9*v**2 + 7*v + 2*v**3 + 2*v. What are the prime factors of o(-7)?
2, 13
Let l(b) = -1 + 6 - 5 - b. What are the prime factors of l(-3)?
3
Let q(i) = -i**2 + 7*i + 22. Let c be q(9). Let b(t) = 2*t**2 - 9*t + 13. Let g(p) = p**2 - 5*p + 7. Let z(j) = 4*b(j) - 7*g(j). List the prime factors of z(c).
3, 5
Let t be (-1)/(-4) - 2/8. Let c(g) = 4*g + t*g - g - 4. What are the prime factors of c(6)?
2, 7
Let r(a) be the first derivative of -1/2*a**2 - a - 2 + 2/3*a**3. What are the prime factors of r(-2)?
3
Let c(j) = -14*j**3 + 1. Let s be c(1). Let y = 55 - 37. Let o = s + y. List the prime factors of o.
5
Let t(f) = f - 5. Let y be t(5). Suppose -6*k + k + 5*m + 125 = y, 2*m + 70 = 3*k. What are the prime factors of k?
2, 5
Let m be 72/7 - (-6)/(-21). Let o = m - 7. Suppose g - o = l, -g + 2 = -3*l + 3. What are the prime factors of l?
2
Let c be 2 - (2 + -2) - -3. Suppose -c = -2*t + 9. Suppose 2*v - t*v + 50 = 0. What are the prime factors of v?
2, 5
Suppose 60 = -f - 3*f. Let l = 24 + f. What are the prime factors of l?
3
Let t = -12 + -5. Let l be (50/(-8))/((-3)/12). Let v = l + t. What are the prime factors of v?
2
Let q be ((2/1)/(-1))/(-2). Let u be 0 - (q - 0)*-14. Let b = 26 - u. List the prime factors of b.
2, 3
Let d(h) be the second derivative of 5*h**4/12 + h**3/6 + 3*h**2/2 - 9*h. List the prime factors of d(3).
3, 17
Let p be (2 - 10/(-8))*8. Suppose 5*k = -2*a - p + 85, k = 5*a + 28. List the prime factors of k.
13
Let p = -3 + 6. Let r be -1 - p/(-3)*1. Suppose 0 = -5*z - r*z + 55. What are the prime factors of z?
11
Suppose -4*z - 471 = -9*z - 3*i, -4*i = -8. List the prime factors of z.
3, 31
Let f(o) be the second derivative of o**4/12 + o**3/6 - o. List the prime factors of f(-4).
2, 3
Let g = 2 + 2. Suppose -b + g = -0*b. Suppose -6*f + b*f + 22 = 0. List the prime factors of f.
11
Suppose 3*t - 3*z - 498 = 717, t + 4*z - 405 = 0. List the prime factors of t.
3, 5
Suppose 2*a = 5*y - a - 39, -y = -3*a - 3. Let b = -1 + y. What are the prime factors of b?
2
Suppose -3*c - 4 - 11 = -3*p, -61 = 5*c + 4*p. Let k = -13 - -53. List the prime factors of k/18 - (-2)/c.
2
Suppose 2*p - 13 = -3*s, 0 = 4*s - 2*p + 4 + 2. Let r be s + -1 + (7 - 11). List the prime factors of (-29)/r + 21/28.
2
List the prime factors of 2 + 2/2 + 15.
2, 3
Let d = 31 + -20. Let r = 23 - d. Suppose r + 48 = 5*j. What are the prime factors of j?
2, 3
Let m = -6 + 6. Suppose -3*y = -m + 6. List the prime factors of (y - -4) + (9 - -1).
2, 3
Suppose 22*u - 3300 = 7*u. What are the prime factors of u?
2, 5, 11
Let c(s) = -65*s**3 + 2*s**2 + 2*s + 1. List the prime factors of c(-1).
2, 3, 11
What are the prime factors of (-16)/(-96) + (-694)/(-12)?
2, 29
Let m(k) = -3*k + 1. Let j(q) = 2*q. Let f(t) = 2*j(t) + 2*m(t). What are the prime factors of f(-3)?
2
Let y(l) = -l**3 + 0 + 3*l + 4*l**2 - 6*l + 0. Let s be y(2). Suppose 6 = g + s*g. List the prime factors of g.
2
Suppose q = -3*q + 12. Let o(g) = -g + 0*g**3 + g**q + 0*g + 19 + 0*g. List the prime factors of o(0).
19
What are the prime factors of (99 - (4 + -1)) + 1 + 1?
2, 7
Let x(u) = -5 + u**2 + 0 + 2. List the prime factors of x(-4).
13
Suppose -2*n - 10 + 3 = 3*y, 6 = -4*y - 2*n. Let i be (-1)/((1/(-3))/y). Suppose -i*o = -o - 28. What are the prime factors of o?
2, 7
Let n = -707 - -1042. List the prime factors of n.
5, 67
Suppose 0 = -7*a + 4*a + 609. What are the prime factors of a?
7, 29
Suppose -4*l + 6 - 2 = 0. Let v(h) = 24*h. What are the prime factors of v(l)?
2, 3
Let r = 7 - 15. Let o = -1 - -12. Let g = r + o. What are the prime factors of g?
3
Let i = -87 - -133. Suppose i = 4*v + 5*z - 7, -27 = -2*v - 3*z. What are the prime factors of v?
2, 3
Suppose -5*f + 2*d + 685 = 0, 0 = f - 2*f + 4*d + 155. What are the prime factors of f?
3, 5
Suppose -14*u - 320 = -19*u. List the prime factors of u.
2
Let f = -4 + 4. Let o be f/(-5) + -1 + 1. Suppose o = 2*x - 9 - 9. List the prime factors of x.
3
Let s be 9/1*4/6. List the prime factors of s/(-4)*(-24)/6.
2, 3
Let j be ((-1)/2*0)/2. Let d = -38 + 33. Let l = j - d. List the prime factors of l.
5
Suppose 6*t - 4*t - 8 = 0. Suppose -4*u + 56 = 4*p + 8, -u = -t*p + 33. What are the prime factors of p?
3
Let z(q) = 11*q - 2. Let a(h) = -7*h + 1. Let g(t) = -8*a(t) - 5*z(t). Let b(j) = -j**2 + 9*j + 2. Let p be b(8). What are the prime factors of g(p)?
2, 3
Suppose -4*t + 2 = -82. List the prime factors of (36/t - 0)*7.
2, 3
Suppose -25 = -4*j - 3*r, 3*j = -4*r - 1 + 11. What are the prime factors of j?
2, 5
What are the prime factors of 34/(-4)*(-12 + 10)?
17
Suppose 5*s - 13*s + 176 = 0. List the prime factors of s.
2, 11
Let m be (-2 - -1)*2 + 9. Let y = m + 0. List the prime factors of y.
7
Let h = -60 - -104. Let k = 3 + 0. Suppose 0 = 5*f - k*l - h, 4*f + f + 5*l = 20. List the prime factors of f.
7
Let g(f) = f**3 - 5*f**2 + f - 4. Let k be g(5). What are the prime factors of ((-24)/(-20))/(k/5)?
2, 3
Suppose -3*s - 1 = -79. What are the prime factors of s?
2, 13
Let p = 11 - 0. Suppose -5*h = -h. Suppose d + h*d = p. What are the prime factors of d?
11
Let c be 4/(-14) + (-80)/(-35). Suppose 4*i - 2*i = -c. List the prime factors of (-1)/((2/8)/i).
2
Let k(a) = -a**3 + 6*a**2 + a - 2. Let b be k(6). Suppose 54 = 3*p - b*g, 2*p - 2*g - 20 = 18. List the prime factors of p.
2, 11
Let g(q) = 70*q + 2. Let b be g(1). Suppose 5*x - 2*x = b. List the prime factors of x.
2, 3
Let s = 24 - 11. Let q = s - 5. What are the prime factors of q?
2
Let b be 1 - (12/3)/(-2). Suppose b*w = -w + 48. Suppose 4*p - w = -2*g, -3*p + 7 = 1. List the prime factors of g.
2
Let x = -29 + 14. Let b = x + 25. What are the prime factors of b?
2, 5
Suppose b = 6*b - 50. Suppose -b = 3*k - 4. Let a = 7 + k. What are the prime factors of a?
5
Suppose -4 = -s - 0. List the prime factors of s.
2
Let t(d) = 14*d**3 - 1. List the prime factors of t(1).
13
Suppose -2*v - 3*v + 4*k + 55 = 0, -2*k = 10. Let i = v - 5. What are the prime factors of i?
2
Let f(n) be the first derivative of -n**4/4 + 5*n**3/3 + n**2 - 7*n - 2. What are the prime factors of f(5)?
3
Let c be (-18)/(-4)*-2 + 0. Let v = 17 + c. List the prime factors of v.
2
Let j(d) be the first derivative of d**4/12 - d**3/2 - d**2/2 - 1. Let c(k) be the second derivative of j(k). List the prime factors of c(4).
5
Let p be 4/(-18) - (-148)/18. Suppose -3*s + 4*s + a + p = 0, 5*s = -3*a - 38. What are the prime factors of 4/(-14) + (-30)/s?
2
Suppose -5*w + 10*w = 3*d + 624, 4*w + 3*d = 510. List the prime factors of w.
2, 3, 7
Let z(s) be the second derivative of s**5/20 + 5*s**4/12 - s**3/3 - 5*s**2/2 + s. Let v be 3/54*-3 + 58/(-12). List the prime factors of z(v).
5
Suppose 5*d - 25 = -4*l, 4*l + d - 5 = 2*l. Suppose l = -m - 4*m + 120. What are the prime factors of m?
2, 3
Let r = 17 + -9. Let n(s) = s**3 + r*s**2 - 3 + s**2 + 12 + 7*s. What are the prime factors of n(-8)?
17
Let r(w) = -6*w + 2*w + 3*w. Suppose -3*z - 